{"id":13,"date":"2023-01-30T21:57:16","date_gmt":"2023-01-30T21:57:16","guid":{"rendered":"https:\/\/custom-service.fr\/?page_id=13"},"modified":"2023-03-21T15:38:24","modified_gmt":"2023-03-21T15:38:24","slug":"test","status":"publish","type":"page","link":"https:\/\/custom-service.fr\/?page_id=13","title":{"rendered":"Importation et Homologation"},"content":{"rendered":"\n<p>L\u2019 importation et l homologation sont notre activit\u00e9 principale. Nous vous offrons la s\u00e9curit\u00e9 et les garanties d un professionnel de l automobile sp\u00e9cialis\u00e9 et qualifi\u00e9.<\/p>\n\n\n\n<p>Ce sont parfois de v\u00e9ritables tours de force qui d\u00e9montrent notre savoir-faire et notre professionnalisme \/ francisation , europ\u00e9anisation , homologation , immatriculation de Mustang , Saleen , V8 , Chevrolet SSR etc\u2026.<\/p>\n\n\n\n<p>CUSTOM SERVICE s occupe de faire les modifications afin que le v\u00e9hicule puisse passer les tests de \u00ab&nbsp;niveau sonore&nbsp;\u00bb \u00e0 L UTAC .<\/p>\n\n\n\n<p>Nous homologuons toutes les marques de v\u00e9hicule DODGE , CHEVROLET , FORD , CADILLAC , et m\u00eame les marques europ\u00e9ennes, HARLEY DAVIDSON .<\/p>\n\n\n\n<p>Pour d autres marques et mod\u00e8les nous consulter au pr\u00e9alable.<\/p>\n\n\n\n<p>Nous prenons en charge toutes les d\u00e9marches administratives , techniques et modifications de l \u00e9clairage et autres , afin que le v\u00e9hicule passe les tests UTAC et soit accept\u00e9 par la DREAL.<\/p>\n\n\n\n<p>Nous prenons en charge votre v\u00e9hicule jusqu\u2019\u00e0 son homologation certaine.<\/p>\n\n\n\n<p><strong>AVEC CUSTOM SERVICE VOUS POUVEZ ENFIN IMMATRICULER VOTRE VEHICULE AMERICAIN SANS AVOIR A SUBIR LA MOINDRE TRACASSERIE<\/strong><\/p>\n\n\n\n<p>Consultez nous avant toute acquisition, nous aurons plaisir \u00e0 vous conseiller, vous orienter et de vous \u00e9viter des erreurs tr\u00e8s couteuses .<\/p>\n\n\n\n<p>*L&rsquo;acquisition*importation d un v\u00e9hicule doit rester un plaisir avant tout , ce doit etre le plus simple possible , \u00e0 nous les gal\u00e8res \u00e9ventuelles , \u00e0 vous le plaisir de jouir de votre voiture am\u00e9ricaine ou de votre Harley davidson<\/p>\n","protected":false},"excerpt":{"rendered":"<p>L\u2019 importation et l homologation sont notre activit\u00e9 principale. Nous vous offrons la s\u00e9curit\u00e9 et [&hellip;]<\/p>\n","protected":false},"author":2,"featured_media":0,"parent":0,"menu_order":0,"comment_status":"closed","ping_status":"closed","template":"","meta":[],"_links":{"self":[{"href":"https:\/\/custom-service.fr\/index.php?rest_route=\/wp\/v2\/pages\/13"}],"collection":[{"href":"https:\/\/custom-service.fr\/index.php?rest_route=\/wp\/v2\/pages"}],"about":[{"href":"https:\/\/custom-service.fr\/index.php?rest_route=\/wp\/v2\/types\/page"}],"author":[{"embeddable":true,"href":"https:\/\/custom-service.fr\/index.php?rest_route=\/wp\/v2\/users\/2"}],"replies":[{"embeddable":true,"href":"https:\/\/custom-service.fr\/index.php?rest_route=%2Fwp%2Fv2%2Fcomments&post=13"}],"version-history":[{"count":6,"href":"https:\/\/custom-service.fr\/index.php?rest_route=\/wp\/v2\/pages\/13\/revisions"}],"predecessor-version":[{"id":320,"href":"https:\/\/custom-service.fr\/index.php?rest_route=\/wp\/v2\/pages\/13\/revisions\/320"}],"wp:attachment":[{"href":"https:\/\/custom-service.fr\/index.php?rest_route=%2Fwp%2Fv2%2Fmedia&parent=13"}],"curies":[{"name":"wp","href":"https:\/\/api.w.org\/{rel}","templated":true}]}}